at are the prime factors of l?
3, 23
Let l = -126 - -117. List the prime factors of 3 + 387 + (l - -10).
17, 23
Let s(v) = -2011*v - 933. List the prime factors of s(-7).
2, 31, 53
Let r(w) = 3*w**3 - 17*w**2 - 20*w - 75. What are the prime factors of r(16)?
7541
Let x(y) = 15*y**2 + 7*y + 5. Let w be x(-5). Let a = w - 185. What are the prime factors of a?
2, 5
Suppose -2 = 2*p, -4*m + 3*m + 5*p = 162. Let w = m + 239. Suppose -3*u + 3*s = -w, -3*s - 2*s - 40 = -u. List the prime factors of u.
2, 5
Let b(u) = 7*u - 8*u**3 - 10 + 15*u + 13*u**2 + 7*u**3 - 4*u**2. What are the prime factors of b(6)?
2, 5, 23
Let q(k) = 9*k - 6 + 24*k + 2. Let f be q(4). Suppose -f = -8*j + 4*j. What are the prime factors of j?
2
List the prime factors of 1/6 - (-87775239)/1494.
2, 3, 17
Let u(q) = -44*q + 7. Let l be u(-2). Let p be l/(-10)*-1*20. Suppose -15*h + p = 25. List the prime factors of h.
11
What are the prime factors of (-2)/8 + -5 + 1 + (-491975)/(-44)?
11177
Let k = 17 + -16. Let a be -1 - -3 - -5 - (3 - k). Suppose -h + 2 = -a. List the prime factors of h.
7
Suppose 35 - 41 = -2*m. List the prime factors of 283 + 1 - 0*(-1)/m.
2, 71
Suppose 107 = 11*b - 102. Suppose 7*u + 504 = b*u. What are the prime factors of u?
2, 3, 7
Let r(o) = 27*o + 4. Let x(b) be the third derivative of -b**5/60 + b**4/8 + b**3/2 + 9*b**2. Let g be x(3). What are the prime factors of r(g)?
5, 17
Let z(c) = -46*c - 99. Let t(h) = -3*h - 44. Let l be t(-9). List the prime factors of z(l).
683
Suppose -4*b = -5*a - 30279, 599*b + 7561 = 600*b - 3*a. List the prime factors of b.
2, 947
Suppose h + u - 4230 = 0, 1832*u - 1837*u + 4206 = h. What are the prime factors of h?
2, 3, 353
Let a = -21068 + 47296. List the prime factors of a.
2, 79, 83
Suppose 0 = 3*j + 4*n - 30332, 90*j - 3*n - 80940 = 82*j. List the prime factors of j.
2, 3, 281
Suppose -12*z = 5691 + 15609. Let f = -1101 - z. List the prime factors of f.
2, 337
Suppose -3*p + 35 = 4*p. Suppose -p*r + 219 = -j, -2*r + 35 = -r + 2*j. Suppose 0 = -6*u + 985 - r. What are the prime factors of u?
157
List the prime factors of 16179/6*10 - (14 - -16)/(-6).
2, 3, 5, 29, 31
Let c(n) = -n**3 + 2*n**2 + 5*n + 16. Let h be c(-7). Suppose h*k = 411*k + 12199. List the prime factors of k.
1109
Suppose 37*b - 2545 - 1081 = 0. Suppose 0 = -3*v - 4*f + 3361, -4*v = -b*f + 101*f - 4479. What are the prime factors of v?
3, 373
Let u(i) = -17*i**3 - 4 - 13*i + 12*i + 16*i**3. Let x be 5/(-2) - (-4)/(-8). What are the prime factors of u(x)?
2, 13
Suppose -y = -10 + 2. Let q(b) = -36*b - y + 11*b - 4 - 8. List the prime factors of q(-6).
2, 5, 13
Let a(o) = -1602*o + 3790. List the prime factors of a(-12).
2, 37, 311
Let u(x) = -12*x - 6. Let y(o) = o**2 + 14*o + 31. Let m be y(-8). What are the prime factors of u(m)?
2, 3, 11
Suppose 3*b + 0*r = 2*r + 706, -2*r + 686 = 3*b. Let p = b - 24. What are the prime factors of p?
2, 13
Let z = -2 + 4. Suppose -z*s + 6084 = 11*s. What are the prime factors of s?
2, 3, 13
Suppose 15*b = 11*b - 100. Let w = 20 + b. Let i(a) = -21*a - 16. List the prime factors of i(w).
89
Let y(d) = d**3 + 31*d**2 - d - 27. Let z be y(-31). List the prime factors of z/(-3) + 7/21 - -859.
2, 3, 11, 13
Suppose 97 + 363 = 5*v. Let b be 35/(1785/(-68))*150/(-8). Let h = v + b. What are the prime factors of h?
3, 13
Let t(x) = 5*x - 169. Let f be t(35). Suppose -1460 = f*l - 6386. List the prime factors of l.
821
Suppose 5*w - 2193 - 1437 = 2*b, 0 = 3*b + 3*w + 5424. Let l = b - -2887. List the prime factors of l.
3, 359
Suppose 0 = 7*k + 5 - 334. Let f(h) = -12*h + h + 3*h - k - 8*h. What are the prime factors of f(-17)?
3, 5
Suppose -126*j = -124*j - 66. Let i(b) = 3*b**2 - 2*b**2 - 32 + j. What are the prime factors of i(3)?
2, 5
Let o = -11 + 29. Suppose -d + o = 3*x, 4*x + 2*d - 27 + 1 = 0. List the prime factors of 3/(x/(-1640)*-6).
2, 41
Let p(b) = -16 + 39*b + 17*b + 26*b - b**2 - 3*b**2. What are the prime factors of p(11)?
2, 3, 67
Let z(a) = -236*a**3 - a**2 + 18*a + 24. What are the prime factors of z(-3)?
3, 2111
Let f(u) = 96*u + 15. Let w(d) = -47*d - 7. Let s(a) = -3*f(a) - 5*w(a). What are the prime factors of s(-7)?
19
What are the prime factors of (95368/(-12))/(-1*6/9)?
7, 13, 131
Suppose -12 = -a - 2*a. Suppose 2*d = -2*q + 694, -a*d + 6 - 2 = 0. What are the prime factors of q?
2, 173
Suppose -24*r - 140 = -332. Suppose -r = 2*z, -k + 43*z = 41*z - 291. What are the prime factors of k?
283
Let i(y) = 14*y**2 - 69*y - 9. Let n be i(5). Let t(s) = -5*s**3 + 2*s**2 + 7*s + 29. List the prime factors of t(n).
353
Let j = -228 + 233. Suppose -8*o = -j*o + 4*h - 707, -3*o + h + 697 = 0. What are the prime factors of o?
233
Suppose -18*x + 387613 = -198925 + 43262. List the prime factors of x.
2, 15091
Let y be (1 - -1) + 770/(2 - -5). Let l = y + 160. List the prime factors of l.
2, 17
Let o(j) = -31*j. Let h be o(0). What are the prime factors of (2/(-4))/(h - 4/2536)?
317
Let n = 16424 - -51571. What are the prime factors of n?
3, 5, 1511
Let z be (6/16)/(2/8)*2. Suppose -c = 4*w - 0*c - 2, -3*w + z*c = 6. Suppose -3*q - 2*p + 671 = w, 9*q = 4*q + 3*p + 1150. List the prime factors of q.
227
Suppose -76*v + 120947 = -63*v - 16424. What are the prime factors of v?
10567
Suppose 0 = -46*g + 40*g + 40914. List the prime factors of g.
3, 2273
What are the prime factors of (6220/160)/((-2)/(-8))*26?
13, 311
Let z = 5193 + -422. What are the prime factors of z?
13, 367
Suppose -58*q = -466*q + 16499112. What are the prime factors of q?
7, 53, 109
Suppose 69*h + 27500 = 4*s + 71*h, -5*h + 20618 = 3*s. What are the prime factors of s?
2, 3, 191
Suppose 118*g + 4*l = 122*g - 11592, g + 5*l = 2904. What are the prime factors of g?
13, 223
Suppose -4*j - 5*g + 10489 = 0, j = -11*g + 12*g + 2629. What are the prime factors of j?
2, 13, 101
Suppose -4*v = -4*h + 20, 3*h - 5 = h + v. Suppose 3*f - s - 15 = h, -f = -s - 4*s + 9. What are the prime factors of (-3)/f*2*-5?
5
Suppose 3*a + 805 = 4*w, -a = -4*w + 1103 - 304. Let p = w - -204. List the prime factors of p.
13, 31
Let r(d) = -d. Let n be r(-2). Suppose -5*j + f - n = -5, -5*f = -4*j + 15. Suppose 0 = -5*w + m + 318, 5*w - 2*m = -j*m + 316. What are the prime factors of w?
2
Let r(n) = -20*n**3 + 6*n**2 + 68*n + 53. What are the prime factors of r(-6)?
37, 113
Let c = 33 + -28. Let f(a) = 15*a + 10. Let r(p) = 15*p + 8. Let l(m) = 4*f(m) - 3*r(m). List the prime factors of l(c).
7, 13
List the prime factors of 14180/6*768/1280.
2, 709
Let f(r) = 110*r - 169. List the prime factors of f(47).
3, 1667
What are the prime factors of (-3 - 184/(-56)) + (-2128270)/(-35)?
2, 11, 691
Suppose 89813 = 17*c - 24631. List the prime factors of c.
2, 3, 11, 17
Suppose 52*m = -107*m + 1722556 + 8062622. List the prime factors of m.
2, 3, 13, 263
Let w = 164 + -158. What are the prime factors of (-2405)/(-78) - (-1)/w?
31
Let o = -366 + 480. Suppose -5*n - o = -4*v - 427, 4*n + 3*v - 269 = 0. What are the prime factors of n?
5, 13
Let y(m) = 12*m**3 - 39*m**2 + 98*m - 10. List the prime factors of y(10).
2, 5, 907
Let w(h) = h**2 + 7*h - 23. Let n be 3 + 3*-5 + 2. Let k be w(n). Suppose -164 - 256 = -k*a. What are the prime factors of a?
2, 3, 5
Let n(q) = -q**2 - 16*q - 9. Suppose -5*d = 3*s - 7*s - 7, 4*d - 10 = s. Suppose -2*k + 3*k + 48 = -4*b, 64 = -4*b + d*k. List the prime factors of n(b).
2, 3, 5
Let s(y) = -11*y**3 + 2*y**2 + 4*y - 11. Let t be s(4). Let w = t + 1041. List the prime factors of w.
2, 11, 17
Suppose 0 = -3*f + 2*y + 263, -3*y = 2*f - 6*y - 167. Suppose s - f + 17 = 0. List the prime factors of (2 + s)/(1 - 0).
2, 19
Let v(m) = -8*m + 154. Let o = 43 + -40. What are the prime factors of v(o)?
2, 5, 13
Let z be 52/13 + 1 + -1. Suppose 3*u - 72 = 3*s, -z*s = -9*s + 15. Let c = -9 + u. List the prime factors of c.
2, 3
Suppose 12*l = 489170 - 102014. What are the prime factors of l?
7, 11, 419
Suppose -31 = -18*u + 23. What are the prime factors of ((u - 13) + -972)*2/(-4)?
491
List the prime factors of (1996/(-6))/(((-112)/(-84))/(-2)).
499
Let i = -4 - -6. Suppose 3*y = -5*m + 16 + 530, 5*m - i*y = 536. What are the prime factors of 1 + m + -3*1/3?
2, 3
Suppose 22*q - 25*q = -3708. Suppose -2*w + 624 = -4*y, 3*w + 4*y - q = -w. What are the prim